{"id":194,"date":"2013-09-17T20:07:22","date_gmt":"2013-09-17T17:07:22","guid":{"rendered":"http:\/\/kennelkeyword.net\/?page_id=194"},"modified":"2013-11-08T20:50:28","modified_gmt":"2013-11-08T18:50:28","slug":"stoorybooks-miss-moneypenny-lt-mh","status":"publish","type":"page","link":"https:\/\/kennelkeyword.net\/?page_id=194","title":{"rendered":"LT &#038; MH (N\u00e4ps\u00e4)"},"content":{"rendered":"<h2><\/h2>\n<h2>Stoorybook&#8217;s Miss Moneypenny<\/h2>\n<h3>Luonnetesti<\/h3>\n<p>13.09.2009 Hankasalmi<br \/>\nTuomarit: Pekka Orava, Pasi Halme<br \/>\nYhteispisteet +142 pistett\u00e4, laukausvarma<br \/>\nHyv\u00e4ksytty luonnetesti.<\/p>\n<p><img decoding=\"async\" alt=\"N\u00e4ps\u00e4 kelkalla\" src=\"\/gallery2\/d\/12964-1\/IMG_5090.jpg\" width=\"538\" \/><\/p>\n<p><a href=\"\/gallery2\/v\/koirat\/napsa\/sekalaista\/lt09\/\">Kuvia testist\u00e4<\/a><\/p>\n<table width=\"500\" border=\"0\">\n<tbody>\n<tr>\n<th>Ominaisuus<\/th>\n<th>Kerroin<\/th>\n<th>Pisteet<\/th>\n<th>Sanallinen kuvaus<\/th>\n<\/tr>\n<tr class=\"rivi1\">\n<td class=\"ominaisuus\">Toimintakyky<\/td>\n<td class=\"kerroin\">15<\/td>\n<td class=\"pisteet\">+1<\/td>\n<td class=\"kuvaus\">Kohtuullinen<\/td>\n<\/tr>\n<tr>\n<td class=\"ominaisuus\">Ter\u00e4vyys<\/td>\n<td class=\"kerroin\">1<\/td>\n<td class=\"pisteet\">+1<\/td>\n<td class=\"kuvaus\">Pieni ilman j\u00e4ljellej\u00e4\u00e4v\u00e4\u00e4 hy\u00f6kk\u00e4yshalua<\/td>\n<\/tr>\n<tr class=\"rivi1\">\n<td class=\"ominaisuus\">Puolustushalu<\/td>\n<td class=\"kerroin\">1<\/td>\n<td class=\"pisteet\">+3<\/td>\n<td class=\"kuvaus\">Kohtuullinen, hillitty<\/td>\n<\/tr>\n<tr>\n<td class=\"ominaisuus\">Taisteluhalu<\/td>\n<td class=\"kerroin\">10<\/td>\n<td class=\"pisteet\">-1<\/td>\n<td class=\"kuvaus\">Pieni<\/td>\n<\/tr>\n<tr class=\"rivi1\">\n<td class=\"ominaisuus\">Hermorakenne<\/td>\n<td class=\"kerroin\">35<\/td>\n<td class=\"pisteet\">+1<\/td>\n<td class=\"kuvaus\">Hieman rauhaton<\/td>\n<\/tr>\n<tr>\n<td class=\"ominaisuus\">Temperamentti<\/td>\n<td class=\"kerroin\">15<\/td>\n<td class=\"pisteet\">+3<\/td>\n<td class=\"kuvaus\">Vilkas<\/td>\n<\/tr>\n<tr class=\"rivi1\">\n<td class=\"ominaisuus\">Kovuus<\/td>\n<td class=\"kerroin\">8<\/td>\n<td class=\"pisteet\">+1<\/td>\n<td class=\"kuvaus\">Hieman pehme\u00e4<\/td>\n<\/tr>\n<tr>\n<td class=\"ominaisuus\">Luoksep\u00e4\u00e4st\u00e4vyys<\/td>\n<td class=\"kerroin\">15<\/td>\n<td class=\"pisteet\">+3<\/td>\n<td class=\"kuvaus\">Hyv\u00e4ntahtoinen, luoksep\u00e4\u00e4st\u00e4v\u00e4, avoin<\/td>\n<\/tr>\n<tr class=\"rivi1\">\n<td class=\"ominaisuus\">Laukauspelottomuus<\/td>\n<td class=\"kerroin\"><\/td>\n<td class=\"pisteet\">+++<\/td>\n<td class=\"kuvaus\">Laukausvarma<\/td>\n<\/tr>\n<\/tbody>\n<\/table>\n<p>&nbsp;<\/p>\n<p><object width=\"640\" height=\"505\" classid=\"clsid:d27cdb6e-ae6d-11cf-96b8-444553540000\" codebase=\"http:\/\/download.macromedia.com\/pub\/shockwave\/cabs\/flash\/swflash.cab#version=6,0,40,0\"><param name=\"allowFullScreen\" value=\"true\" \/><param name=\"allowscriptaccess\" value=\"always\" \/><param name=\"src\" value=\"http:\/\/www.youtube.com\/v\/XkTvXIDa9Dw&amp;hl=en&amp;fs=1&amp;color1=0x234900&amp;color2=0x4e9e00\" \/><param name=\"allowfullscreen\" value=\"true\" \/><embed width=\"640\" height=\"505\" type=\"application\/x-shockwave-flash\" src=\"http:\/\/www.youtube.com\/v\/XkTvXIDa9Dw&amp;hl=en&amp;fs=1&amp;color1=0x234900&amp;color2=0x4e9e00\" allowFullScreen=\"true\" allowscriptaccess=\"always\" allowfullscreen=\"true\" \/><\/object><\/p>\n<p>&nbsp;<\/p>\n<h3>N\u00e4ps\u00e4n MH<\/h3>\n<p>N\u00e4ps\u00e4 k\u00e4vi MH-kuvauksessa Maaningalla 2.8.2009, jolloin kuvaus oli uusinta uutta Suomessa ja tuolloin ei kuvaus viel\u00e4 ollut virallinen.<br \/>\nKuvaus muuttui kuitenkin takautuvasti viralliseksi, mik\u00e4 oli kiva yll\u00e4tys.<\/p>\n<p>Videot Youtubessa:<\/p>\n<p><a href=\"http:\/\/www.youtube.com\/watch?v=wnwAxNFVqWg\" target=\"_blank\">OSA 1<\/a> &#8211; KONTAKTI, LEIKKI 1<br \/>\n<a href=\"http:\/\/www.youtube.com\/watch?v=ayx-sJRhAfI\" target=\"_blank\">OSA 2<\/a> &#8211; TAKAA-AJO, TARTTUMINEN, AKTIVITEETTITASO<br \/>\n<a href=\"http:\/\/www.youtube.com\/watch?v=fAXTXQ2Y4Pw\" target=\"_blank\">OSA 3<\/a> &#8211; ET\u00c4LEIKKI, YLL\u00c4TYS, \u00c4\u00c4NIHERKKYYS<br \/>\n<a href=\"http:\/\/www.youtube.com\/watch?v=0SUCEhIn6OI\" target=\"_blank\">OSA 4<\/a> &#8211; AAVEET, LEIKKI 2, AMPUMINEN<\/p>\n<p>&nbsp;<\/p>\n<h5>Kuvaus N\u00e4ps\u00e4n toiminnasta testin aikana<\/h5>\n<table width=\"600\" border=\"0\">\n<tbody>\n<tr>\n<td colspan=\"6\">N\u00e4ps\u00e4n MH-luonnekuvaus 2.8.2009 MaaningallaKuvaajat Riitta Liimatainen &amp; Jorma Kerkk\u00e4<\/td>\n<\/tr>\n<tr>\n<td class=\"kerroin\"><\/td>\n<td class=\"kerroin\">1<\/td>\n<td class=\"kerroin\">2<\/td>\n<td class=\"kerroin\">3<\/td>\n<td class=\"kerroin\">4<\/td>\n<td class=\"kerroin\">5<\/td>\n<\/tr>\n<tr>\n<td>1a. KONTAKTI<\/p>\n<p style=\"margin-right: 50px;\">Tervehtiminen<\/p>\n<\/td>\n<td>Torjuu kontaktia, murisee tai yritt\u00e4\u00e4 purra<\/td>\n<td>V\u00e4ltt\u00e4\u00e4 kontaktia, v\u00e4ist\u00e4\u00e4<\/td>\n<td>Hyv\u00e4ksyy kontaktin vastaamatta siihen, ei v\u00e4ist\u00e4<\/td>\n<td><b>Ottaa itse kontaktia tai vastaa siihen<\/b><\/td>\n<td>Mielistelev\u00e4 kontaktinotossa hyppii, vinkuu, haukkuu, jne.<\/td>\n<\/tr>\n<tr>\n<td>1b. KONTAKTI<\/p>\n<p style=\"margin-right: 50px;\">Yhteisty\u00f6<\/p>\n<\/td>\n<td>Ei l\u00e4hde vieraan ihmisen mukaan\/Ei kokeilla<\/td>\n<td>L\u00e4htee mukaan haluttomasti<\/td>\n<td>L\u00e4htee mukaan, mutta ei ole kiinnostunut TJ:sta<\/td>\n<td><b>L\u00e4htee mukaan halukkaasti, kiinnostuu TJ:sta<\/b><\/td>\n<td>L\u00e4htee mukaan hyvin innokkaasti, eritt\u00e4in kiinnostunut TJ:sta<\/td>\n<\/tr>\n<tr>\n<td>1c. KONTAKTI<\/p>\n<p style=\"margin-right: 50px;\">K\u00e4sittely<\/p>\n<\/td>\n<td>Torjuu murisemalla ja\/tai yritt\u00e4\u00e4 purra<\/td>\n<td>V\u00e4ist\u00e4\u00e4 tai hakee tukea ohjaajasta<\/td>\n<td><b>Hyv\u00e4ksyy k\u00e4sittelyn<\/b><\/td>\n<td>Hyv\u00e4ksyy ja ottaa kontaktia<\/td>\n<td>Hyv\u00e4ksyy ja vastaa liioitellulla kontaktilla<\/td>\n<\/tr>\n<tr>\n<td>2a. LEIKKI 1<\/p>\n<p style=\"margin-right: 50px;\">Leikkihalu<\/p>\n<\/td>\n<td>Ei leiki &#8211; ei osoita kiinnostusta<\/td>\n<td>Ei leiki &#8211; osoittaa kiinnostusta<\/td>\n<td>Leikkii &#8211; aktiivisuus lis\u00e4\u00e4ntyy\/v\u00e4henee<\/td>\n<td><b>Leikkii &#8211; aloittaa nopeasti ja on aktiivinen<\/b><\/td>\n<td>Leikkii &#8211; aloittaa eritt\u00e4in nopeasti ja on hyvin aktiivinen<\/td>\n<\/tr>\n<tr>\n<td>2b. LEIKKI 1<\/p>\n<p style=\"margin-right: 50px;\">Tarttuminen<\/p>\n<\/td>\n<td>Ei tartu esineeseen<\/td>\n<td>Ei tartu, nuuskii esinett\u00e4<\/td>\n<td><b>Tarttuu esineeseen viiveell\u00e4 tai etuhampailla<\/b><\/td>\n<td>Tarttuu heti koko suulla<\/td>\n<td>Tarttuu heti, nappaa esineen vauhdista<\/td>\n<\/tr>\n<tr>\n<td>2c. LEIKKI 1<\/p>\n<p style=\"margin-right: 50px;\">Puruote ja taisteluhalu<\/p>\n<\/td>\n<td>Ei tartu esineeseen<\/td>\n<td><b>Tarttuu viiveell\u00e4- irrottaa\/pit\u00e4\u00e4, ei ved\u00e4 vastaan<\/b><\/td>\n<td>Tarttuu, vet\u00e4\u00e4 vastaan, mutta irrottaa ja tarttuu uudestaan\/korjailee otetta<\/td>\n<td>Tarttuu heti koko suulla, vet\u00e4\u00e4 vastaan kunnes TJ irrottaa<\/td>\n<td>Tarttuu heti koko suulla, vet\u00e4\u00e4 tempoo, ravistaa- kunnes TJ irrottaa<\/td>\n<\/tr>\n<tr>\n<td>3a. TAKAA-AJO<\/td>\n<td>Ei aloita<\/td>\n<td>Aloittaa, mutta keskeytt\u00e4\u00e4<\/td>\n<td>Aloittaa etenemisen hitaasti, voi lis\u00e4t\u00e4 vauhtia, seuraa koko matkan saalista<\/td>\n<td><b>Aloittaa kovalla vauhdilla p\u00e4\u00e4m\u00e4\u00e4r\u00e4hakuisesti, pys\u00e4htyy saaliille 1,2<\/b><\/td>\n<td>Aloittaa heti kovalla vauhdilla juosten saaliin ohi, voi k\u00e4\u00e4nty\u00e4 saaliille<\/td>\n<\/tr>\n<tr>\n<td>3b.<br \/>\nTARTTUMINEN<\/td>\n<td>Ei kiinnostu saaliista\/ei juokse per\u00e4\u00e4n<\/td>\n<td><b>Ei tartu, nuuskii saalista 1,2<\/b><\/td>\n<td>Tarttuu saaliiseen ep\u00e4r\u00f6iden tai viiveell\u00e4<\/td>\n<td>Tarttuu heti saaliiseen, mutta irrottaa<\/td>\n<td>Tarttuu heti saaliiseen, pit\u00e4\u00e4 sit\u00e4 suussaan v\u00e4hint\u00e4\u00e4n 3 sek.<\/td>\n<\/tr>\n<tr>\n<td>4.<br \/>\nAKTIVITEETTITASO<\/td>\n<td>Tarkkailematon, kiinnostumaton, passiivinen<\/td>\n<td><b>Tarkkailevainen, rauhallinen, voi istua, seist\u00e4 tai maata<\/b><\/td>\n<td>Tarkkailevainen ja enimm\u00e4kseen rauhallinen, yksitt\u00e4isi\u00e4 toimintoja<\/td>\n<td>Tarkkailevainen, toiminnot tai rauhattomuus lis\u00e4\u00e4ntyy v\u00e4hitellen<\/td>\n<td>Toiminnot vaihtelevat nopeasti osion aikana\/Rauhaton koko ajan<\/td>\n<\/tr>\n<tr>\n<td>5a. ET\u00c4LEIKKI<\/p>\n<p style=\"margin-right: 50px;\">Kiinnostus<\/p>\n<\/td>\n<td>Ei kiinnostu avustajasta<\/td>\n<td>Tarkkailee avustajaa, v\u00e4lill\u00e4 taukoja<\/td>\n<td><b>Kiinnostunut avustajasta, seuraa ilman taukoja<\/b><\/td>\n<td>Kiinnostunut avustajasta, yksitt\u00e4isi\u00e4 l\u00e4ht\u00f6yrityksi\u00e4<\/td>\n<td>Eritt\u00e4in kiinnostunut avustajasta, toistuvia l\u00e4ht\u00f6yrityksi\u00e4<\/td>\n<\/tr>\n<tr>\n<td>5b. ET\u00c4LEIKKI<\/p>\n<p style=\"margin-right: 50px;\">Uhka\/aggressio<\/p>\n<\/td>\n<td><b>Ei osoita uhkauseleit\u00e4<\/b><\/td>\n<td>Osoittaa yksitt\u00e4isi\u00e4 (1-2) uhkauseleit\u00e4 osion ensim. osassa<\/td>\n<td>Osoittaa yksitt\u00e4isi\u00e4 (1-2) uhkauseleit\u00e4 osion ensim. ja toisessa osassa<\/td>\n<td>Osoittaa useampia uhkauseleit\u00e4 osion ensim. osassa<\/td>\n<td>Osoittaa useampia uhkauseleit\u00e4 osion ensim. ja toisessa osassa<\/td>\n<\/tr>\n<tr>\n<td>5c. ET\u00c4LEIKKI<\/p>\n<p style=\"margin-right: 50px;\">Uteliaisuus<\/p>\n<\/td>\n<td>Ei saavu avustajan luo<\/td>\n<td>Saapuu linjalle aktiivisen avustajan luo<\/td>\n<td>Saapuu piilossa olevan puhuvan avustajan luo<\/td>\n<td><b>Saapuu avustajan luo ep\u00e4r\u00f6iden ja viiveell\u00e4<\/b><\/td>\n<td>Saapuu avustajan luo suoraan ilman apua<\/td>\n<\/tr>\n<tr>\n<td>5d. ET\u00c4LEIKKI<\/p>\n<p style=\"margin-right: 50px;\">Leikkihalu<\/p>\n<\/td>\n<td>Ei osoita kiinnostusta<\/td>\n<td><b>Ei leiki &#8211; osoittaa kiinnostusta<\/b><\/td>\n<td>Leikkii &#8211; voi tarttua varovasti, mutta ei ved\u00e4<\/td>\n<td>Tarttuu, vet\u00e4\u00e4 vastaan, voi irrottaa ja tarttua uudelleen<\/td>\n<td>Tarttuu, vet\u00e4\u00e4 vastaan, ei irrota<\/td>\n<\/tr>\n<tr>\n<td>5e. ET\u00c4LEIKKI<\/p>\n<p style=\"margin-right: 50px;\">Yhteisty\u00f6<\/p>\n<\/td>\n<td>Ei osoita kiinnostusta<\/td>\n<td>Kiinnostuu, mutta keskeytt\u00e4\u00e4<\/td>\n<td><b>On kiinnostunut leikkiv\u00e4st\u00e4 avustajasta<\/b><\/td>\n<td>Kiinnostuu leikkiv\u00e4st\u00e4 sek\u00e4 passiivisesta avustajasta<\/td>\n<td>Houkuttelee my\u00f6s passiivista avustajaa leikkim\u00e4\u00e4n<\/td>\n<\/tr>\n<tr>\n<td>6a. YLL\u00c4TYS<\/p>\n<p style=\"margin-right: 50px;\">Pelko<\/p>\n<\/td>\n<td>Ei pys\u00e4hdy tai pys\u00e4htyy nopeasti<\/td>\n<td><b>Kyykistyy ja pys\u00e4htyy<\/b><\/td>\n<td>V\u00e4ist\u00e4\u00e4 k\u00e4\u00e4nt\u00e4m\u00e4tt\u00e4 pois katsettaan haalarista<\/td>\n<td>Pakenee enint\u00e4\u00e4n 5 metri\u00e4<\/td>\n<td>Pakenee enemm\u00e4n kuin 5m<\/td>\n<\/tr>\n<tr>\n<td>\n<p style=\"margin-right: 50px;\">6b. YLL\u00c4TYS<\/p>\n<p style=\"margin-right: 50px;\">Puolustus\/aggressio<\/p>\n<\/td>\n<td><b>Ei osoita uhkauseleit\u00e4<\/b><\/td>\n<td>Osoittaa yksitt\u00e4isi\u00e4 uhkauseleit\u00e4<\/td>\n<td>Osoittaa useita uhkauseleit\u00e4<\/td>\n<td>Osoittaa useita uhkauseleit\u00e4 ja muutamia hy\u00f6kk\u00e4yksi\u00e4<\/td>\n<td>Osoittaa useita uhkauseleit\u00e4 ja hy\u00f6kk\u00e4yksi\u00e4, voi purra<\/td>\n<\/tr>\n<tr>\n<td>6c. YLL\u00c4TYS<\/p>\n<p style=\"margin-right: 50px;\">Uteliaisuus<\/p>\n<\/td>\n<td>Menee haalarin luo, kun se on laskettu maahan\/Ei mene ollenkaan<\/td>\n<td>Menee haalarin luo, kun ohjaaja puhuu kyykyss\u00e4 ja houkuttelee koiraa<\/td>\n<td>Menee haalarin luo, kun ohjaaja seisoo sen edess\u00e4<\/td>\n<td><b>Menee haalarin luo, kun ohjaaja on edennyt puoliv\u00e4liin<\/b><\/td>\n<td>Menee haalarin luo ilman ohjaajan apua<\/td>\n<\/tr>\n<tr>\n<td>6d. YLL\u00c4TYS<\/p>\n<p style=\"margin-right: 50px;\">J\u00e4ljellej\u00e4\u00e4v\u00e4 pelko<\/p>\n<\/td>\n<td><b>Ei mink\u00e4\u00e4nlaisia liikkumisnopeuden vaihtelua tai v\u00e4ist\u00e4mist\u00e4<\/b><\/td>\n<td>Pieni niiaus tai liikkumisnopeuden vaihtelu jollain ohituskerralla<\/td>\n<td>Pieni niiaus tai nopeudenvaihtelu kerran, pienenee toisen ohituskerran j\u00e4lkeen<\/td>\n<td>Niiaus tai nopeuden vaihtelu samanlaisina v\u00e4hint\u00e4\u00e4n kahdella ohituskerralla<\/td>\n<td>Voimakas pelko, voi lis\u00e4\u00e4nty\u00e4 jokaisella ohituskerralla<\/td>\n<\/tr>\n<tr>\n<td>\n<p style=\"margin-right: 50px;\">6e. YLL\u00c4TYS<\/p>\n<p style=\"margin-right: 50px;\">J\u00e4ljellej\u00e4\u00e4v\u00e4 kiinnostus<\/p>\n<\/td>\n<td><b>Ei osoita kiinnostusta haalariin<\/b><\/td>\n<td>Pys\u00e4htyy, haistelee tai katselee haalaria yhdell\u00e4 ohituskerralla<\/td>\n<td>Pys\u00e4htyy, haistelee tai katselee haalaria v\u00e4h. kahdella ohituskerralla<\/td>\n<td>Puree haalaria tai leikkii sen kanssa, kiinnostus v\u00e4henee<\/td>\n<td>Puree haalaria tai leikkii sen kanssa v\u00e4h. kahdella ohituskerralla<\/td>\n<\/tr>\n<tr>\n<td>7a. \u00c4\u00c4NIHERKKYYS<\/p>\n<p style=\"margin-right: 50px;\">Pelko<\/p>\n<\/td>\n<td>Ei pys\u00e4hdy tai pys\u00e4htyy nopeasti<\/td>\n<td>Kyykistyy ja pys\u00e4htyy<\/td>\n<td><b>V\u00e4ist\u00e4\u00e4 k\u00e4\u00e4nt\u00e4m\u00e4tt\u00e4 pois katsettaan<\/b><\/td>\n<td>Pakenee enint\u00e4\u00e4n 5 metri\u00e4<\/td>\n<td>Pakenee enemm\u00e4n kuin 5m<\/td>\n<\/tr>\n<tr>\n<td>7b. \u00c4\u00c4NIHERKKYYS<\/p>\n<p style=\"margin-right: 50px;\">Uteliaisuus<\/p>\n<\/td>\n<td>Ei mene katsomaan<\/td>\n<td>Menee r\u00e4min\u00e4laitteen luo kun ohjaaja puhuu kyykyss\u00e4 ja houkuttelee koiraa<\/td>\n<td><b>Menee r\u00e4min\u00e4laitteen luo kun ohjaaja seisoo sen vieress\u00e4<\/b><\/td>\n<td>Menee r\u00e4min\u00e4laitteen luo kun ohjaaja on edennyt puoliv\u00e4liin<\/td>\n<td>Menee r\u00e4min\u00e4laitteen luo ilman apua<\/td>\n<\/tr>\n<tr>\n<td>7c. \u00c4\u00c4NIHERKKYYS<\/p>\n<p style=\"margin-right: 50px;\">J\u00e4ljellej\u00e4\u00e4v\u00e4 pelko<\/p>\n<\/td>\n<td>Ei mink\u00e4\u00e4nlaisia liikkumisnopeuden vaihteluita tai v\u00e4ist\u00e4mist\u00e4<\/td>\n<td>Pieni niiaus tai liikkumisnopeuden vaihtelu jollain ohituskerralla<\/td>\n<td><b>Pieni niiaus tai nopeudenvaihtelu kerran, pienenee toisen ohituskerran j\u00e4lkeen<\/b><\/td>\n<td>Niiaus tai nopeuden vaihtelu samanlaisina v\u00e4hint\u00e4\u00e4n kahdella ohituskerralla<\/td>\n<td>Voimakas pelko, voi lis\u00e4\u00e4nty\u00e4 jokaisella ohituskeralla<\/td>\n<\/tr>\n<tr>\n<td>7d. \u00c4\u00c4NIHERKKYYS<\/p>\n<p style=\"margin-right: 50px;\">J\u00e4ljellej\u00e4\u00e4v\u00e4 kiinnostus<\/p>\n<\/td>\n<td>Ei osoita kiinnostusta r\u00e4min\u00e4laitetta kohtaan<\/td>\n<td>Pys\u00e4htyy, haistelee tai katselee laitetta yhdell\u00e4 ohituskerralla<\/td>\n<td><b>Pys\u00e4htyy, haistelee tai katselee laitetta v\u00e4h. kahdella ohituskerralla<\/b><\/td>\n<td>Puree laitetta tai leikkii sen kanssa, kiinnostus v\u00e4henee<\/td>\n<td>Puree laitetta tai leikkii sen kanssa v\u00e4h. kahdella ohituskerralla<\/td>\n<\/tr>\n<tr>\n<td>8a. AAVEET<\/p>\n<p style=\"margin-right: 50px;\">Puolustus\/aggressio<\/p>\n<\/td>\n<td><b>Ei osoita uhkauseleit\u00e4<\/b><\/td>\n<td>Osoittaa yksitt\u00e4isi\u00e4 uhkauseleit\u00e4<\/td>\n<td>Osoittaa useita uhkauseleit\u00e4<\/td>\n<td>Osoittaa useita uhkauseleit\u00e4 ja muutamia hy\u00f6kk\u00e4yksi\u00e4<\/td>\n<td>Osoittaa uhkauseleit\u00e4 ja useampia hy\u00f6kk\u00e4yksi\u00e4<\/td>\n<\/tr>\n<tr>\n<td>8b. AAVEET<\/p>\n<p style=\"margin-right: 50px;\">Tarkkaavaisuus<\/p>\n<\/td>\n<td>Yksitt\u00e4isi\u00e4 vilkaisuja, ja sen j\u00e4lkeen ei kiinnostusta \/ ei kiinnostu lainkaan<\/td>\n<td>Katselee aaveita silloin t\u00e4ll\u00f6in<\/td>\n<td>Tarkkailee aaveita, pitki\u00e4 taukoja, kumpaakin puolet ajasta tai koko ajan toista<\/td>\n<td><b>Tarkkailee aaveita, lyhyit\u00e4 taukoja<\/b><\/td>\n<td>Tarkkailee molempia aaveita koko osion ajan<\/td>\n<\/tr>\n<tr>\n<td>8c. AAVEET<\/p>\n<p style=\"margin-right: 50px;\">Pelko<\/p>\n<\/td>\n<td>On ohjaajan edess\u00e4 tai sivulla<\/td>\n<td><b>On enimm\u00e4kseen ohjaajan edess\u00e4 tai sivulla, pient\u00e4 v\u00e4limatkanottoa<\/b><\/td>\n<td>On enimm\u00e4kseen ohjaajan edess\u00e4 tai sivulla, vaihtelee paon ja kontrollin v\u00e4lill\u00e4<\/td>\n<td>On enimm\u00e4kseen ohjaajan takana, vaihtelee paon ja kontrollin v\u00e4lill\u00e4<\/td>\n<td>Peruuttaa enemm\u00e4n kuin taluttimen mitan tai l\u00e4htee paikalta\/Pakenee<\/td>\n<\/tr>\n<tr>\n<td>8d. AAVEET<\/p>\n<p style=\"margin-right: 50px;\">Uteliaisuus<\/p>\n<\/td>\n<td>Menee katsomaan, kun ohjaaja on ottanut avustajalta hupun pois\/ Ei mene ajoissa<\/td>\n<td>Menee katsomaan, kun ohjaaja puhuu avustajan kanssa ja houkuttelee koiraa<\/td>\n<td>Menee katsomaan, kun ohjaaja seisoo avustajan vieress\u00e4<\/td>\n<td><b>Menee katsomaan, kun ohjaaja on edennyt puoleenv\u00e4liin<\/b><\/td>\n<td>Menee katsomaan ilman apua<\/td>\n<\/tr>\n<tr>\n<td>8e. AAVEET<\/p>\n<p style=\"margin-right: 50px;\">Kontaktinotto aaveeseen<\/p>\n<\/td>\n<td>Torjuu kontaktia\/ei mene ajoissa<\/td>\n<td>Hyv\u00e4ksyy avustajan tarjoaman kontaktin, mutta ei vastaa siihen<\/td>\n<td>Vastaa avustajan tarjoamaan kontaktiin<\/td>\n<td><b>Ottaa itse kontaktia avustajaan<\/b><\/td>\n<td>Innostunutta kontaktinottoa avustajaan, esim. hyppii tai vinkuu<\/td>\n<\/tr>\n<tr>\n<td>9a. LEIKKI 2<\/p>\n<p style=\"margin-right: 50px;\">Leikkihalu<\/p>\n<\/td>\n<td>Ei leiki- ei osoita kiinnostusta<\/td>\n<td>Ei leiki- osoittaa kiinnostusta<\/td>\n<td>Leikkii- aktiivisuus lis\u00e4\u00e4ntyy\/v\u00e4henee<\/td>\n<td><b>Leikkii- aloittaa nopeasti ja on aktiivinen<\/b><\/td>\n<td>Leikkii- aloittaa eritt\u00e4in nopeasti ja on hyvin aktiivinen<\/td>\n<\/tr>\n<tr>\n<td>9b. LEIKKI 2<\/p>\n<p style=\"margin-right: 50px;\">Tarttuminen<\/p>\n<\/td>\n<td>Ei tartu esineeseen<\/td>\n<td>Ei tartu, nuuskii esinett\u00e4<\/td>\n<td><b>Tarttuu esineeseen viiveell\u00e4 tai etuhampailla<\/b><\/td>\n<td>Tarttuu heti koko suulla<\/td>\n<td>Tarttuu heti, nappaa esineen vauhdista<\/td>\n<\/tr>\n<tr>\n<td>10. AMPUMINEN<\/td>\n<td>Ei h\u00e4iriinny, havaitsee nopeasti ja sen j\u00e4lkeen t\u00e4ysin v\u00e4linpit\u00e4m\u00e4t\u00f6n<\/td>\n<td><b>H\u00e4iritsevyys lis\u00e4\u00e4ntyy leikin\/passiivisuuden aikana, sen j\u00e4lkeen v\u00e4linpit\u00e4m\u00e4t\u00f6n<\/b><\/td>\n<td>Kiinnostuu laukauksista, yleis\u00f6st\u00e4 tms. mutta palaa leikkiin\/passiivisuuteen<\/td>\n<td>Keskeytt\u00e4\u00e4 leikin\/passiivisuuden, lukkiutuu yleis\u00f6\u00e4, laukauksia tms kohden, ei palaa leikkiin\/passiivisuuteen<\/td>\n<td>H\u00e4iriintynyt, pelokas\/Yritt\u00e4\u00e4 paeta\/ Ohjaaja luopuu ampumisesta<\/td>\n<\/tr>\n<\/tbody>\n<\/table>\n","protected":false},"excerpt":{"rendered":"<p>Stoorybook&#8217;s Miss Moneypenny Luonnetesti 13.09.2009 Hankasalmi Tuomarit: Pekka Orava, Pasi Halme Yhteispisteet +142 pistett\u00e4, laukausvarma Hyv\u00e4ksytty luonnetesti. Kuvia testist\u00e4 Ominaisuus Kerroin Pisteet Sanallinen kuvaus Toimintakyky 15 +1 Kohtuullinen Ter\u00e4vyys 1 +1 Pieni ilman j\u00e4ljellej\u00e4\u00e4v\u00e4\u00e4 hy\u00f6kk\u00e4yshalua[&#8230;]<\/p>\n","protected":false},"author":1,"featured_media":0,"parent":30,"menu_order":1,"comment_status":"closed","ping_status":"closed","template":"page-fullwidth.php","meta":{"ngg_post_thumbnail":0,"footnotes":""},"class_list":["post-194","page","type-page","status-publish","hentry"],"_links":{"self":[{"href":"https:\/\/kennelkeyword.net\/index.php?rest_route=\/wp\/v2\/pages\/194","targetHints":{"allow":["GET"]}}],"collection":[{"href":"https:\/\/kennelkeyword.net\/index.php?rest_route=\/wp\/v2\/pages"}],"about":[{"href":"https:\/\/kennelkeyword.net\/index.php?rest_route=\/wp\/v2\/types\/page"}],"author":[{"embeddable":true,"href":"https:\/\/kennelkeyword.net\/index.php?rest_route=\/wp\/v2\/users\/1"}],"replies":[{"embeddable":true,"href":"https:\/\/kennelkeyword.net\/index.php?rest_route=%2Fwp%2Fv2%2Fcomments&post=194"}],"version-history":[{"count":8,"href":"https:\/\/kennelkeyword.net\/index.php?rest_route=\/wp\/v2\/pages\/194\/revisions"}],"predecessor-version":[{"id":202,"href":"https:\/\/kennelkeyword.net\/index.php?rest_route=\/wp\/v2\/pages\/194\/revisions\/202"}],"up":[{"embeddable":true,"href":"https:\/\/kennelkeyword.net\/index.php?rest_route=\/wp\/v2\/pages\/30"}],"wp:attachment":[{"href":"https:\/\/kennelkeyword.net\/index.php?rest_route=%2Fwp%2Fv2%2Fmedia&parent=194"}],"curies":[{"name":"wp","href":"https:\/\/api.w.org\/{rel}","templated":true}]}}