{"id":17,"date":"2013-09-16T13:33:25","date_gmt":"2013-09-16T10:33:25","guid":{"rendered":"http:\/\/haukotus.net\/kennelkeyword\/?page_id=17"},"modified":"2019-02-09T15:06:21","modified_gmt":"2019-02-09T13:06:21","slug":"muistoissa","status":"publish","type":"page","link":"https:\/\/kennelkeyword.net\/?page_id=17","title":{"rendered":"Muistoissa &#8211; Rasmus"},"content":{"rendered":"<h4>INT FIN SE EST MVA<br \/>\nFIN TVA PiirM-05 BH<br \/>\nSandcastle&#8217;s The Rasmus<\/h4>\n<figure style=\"width: 600px\" class=\"wp-caption alignnone\"><a href=\"http:\/\/haukotus.net\/albums\/koirat\/rasmus\/poseeraukset\/IMG_8031.jpg\"><img loading=\"lazy\" decoding=\"async\" src=\"http:\/\/haukotus.net\/albums\/koirat\/rasmus\/poseeraukset\/IMG_8031.jpg\" alt=\"Rasmus 8v\" width=\"600\" height=\"400\" border=\"0\"><\/a><figcaption class=\"wp-caption-text\">Rasmus 8v<\/figcaption><\/figure>\n<p><strong>&#8221;Rasmus&#8221;<br \/>\n02.01.2002 &#8211; 9.5.2011<\/strong><\/p>\n<p>Rasmus harrasti meid\u00e4n kanssamme v\u00e4h\u00e4n kaikenlaista. Se oli Suomen tottelevaisuusvalio sek\u00e4 kilpaili agilityss\u00e4 melkein koko uransa kakkosluokassa.<br \/>\nSe nousi 3-luokkaan vasta 9-vuotiaana, kun p\u00e4\u00e4si syntym\u00e4p\u00e4iv\u00e4lahjanaan viel\u00e4 kerran kisaamaan pitk\u00e4n&nbsp;tauon j\u00e4lkeen.<br \/>\nSen kanssa treenattiin useita vuosia&nbsp;palveluskoiralajeista hakua sek\u00e4 j\u00e4lke\u00e4, vaikka kisaaminen ei laukauksiin reagoinnin vuoksi ollut mahdollista.<br \/>\nN\u00e4yttelykoirana Rasmus oli huoleton kaveri. Se kulki miss\u00e4 vaan ja esiintyi my\u00f6s vieraiden kanssa. Vaikka Rasmus oli kooltaan pieni uros ja kevytkorvainen, sill\u00e4 oli kuitenkin kaunis p\u00e4\u00e4 ja ilme ja&nbsp;se liikkui todella kauniisti ja tehokkaasti. Se saavuttikin hienoja tuloksia, mm. BIS ja ryhm\u00e4sijoituksia sek\u00e4 useamman valionarvon n\u00e4yttelyist\u00e4.<\/p>\n<p>&nbsp;<\/p>\n<p class=\"kuvateksti\">\u00bb <a href=\"http:\/\/jalostus.kennelliitto.fi\/frmKoira.aspx?RekNo=FIN15906\/02&amp;R=296\" target=\"_blank\">KoiraNet<\/a><br \/>\n\u00bb <a href=\"http:\/\/www.smooth-collie.net\/view.php?id=762\" target=\"_blank\">Smooth Collie Database<\/a><\/p>\n<p>\u00bb <a title=\"Rasmuksen j\u00e4lkel\u00e4iset \u2013 Pandarellan \u00c5-pentue\" href=\"http:\/\/kennelkeyword.net\/?page_id=298\">J\u00e4lkel\u00e4iset<\/a><\/p>\n<p class=\"kuvateksti\">Silm\u00e4t : CEA-vapaa<br \/>\nLonkat : A\/A<br \/>\nKyyn\u00e4rp\u00e4\u00e4t : 0\/0<br \/>\nKilpirauhanen : terve (9.3.09), TgAA negatiivinen<\/p>\n<p><b>DNA-testit<\/b><br \/>\nCEA : kantaja<br \/>\nMDR1 : -\/-<\/p>\n<p>Luonnetesti : +108p, hyv\u00e4ksytty<\/p>\n<p class=\"kuvateksti\">Kasvattaja : Kirsi Rautiainen, Sandcastle&#8217;s colliet<br \/>\nOmistajat : Elina Riipi &amp; Timo Vallius<\/p>\n<p class=\"kuvateksti\"><img loading=\"lazy\" decoding=\"async\" class=\"alignnone\" src=\"http:\/\/haukotus.net\/albums\/koirat\/rasmus\/poseeraukset\/IMG_1052.jpg\" alt=\"\" width=\"600\" height=\"400\"><\/p>\n<h4>Rasmuksesta<\/h4>\n<p>Rasmus on luonteeltaan kiva peruskoira n\u00e4in tavalliselle tallaajalle. Se on peruskiltti, tottelee ulkoillessa, ei pode eroahdistusta eik\u00e4 tuhoa kotona. Matkustaa hyvin, oppii nopeasti ja haukkuminenkin on viel\u00e4 hyv\u00e4ksytt\u00e4viss\u00e4 rajoissa. Rasmus jaksaa harrastaa sen mink\u00e4 mekin, mutta ei rieku ymp\u00e4riins\u00e4 vaikka v\u00e4lill\u00e4 harrastuksista oltaisiinkin lomalla. Se on olemukseltaan pikemminkin rauhallinen \u00e4lykk\u00f6 kuin vilkas sek\u00e4 enemm\u00e4n harkitseva kuin hassu. Ruokaa malttaa odottaa kauniisti ja ruokahaluakin l\u00f6ytyy niin, ett\u00e4 kuppi kiilt\u00e4\u00e4 aina ruokailun j\u00e4lkeen, kaikki ruoka maistuu mik\u00e4 kuppiin pistet\u00e4\u00e4n.<\/p>\n<p>Rasmus ei pode allergioita ja on ollut hyvinkin terve koira kaiken sen aikaa mit\u00e4 meill\u00e4 on ollut yht\u00e4 silm\u00e4tulehdusta lukuunottamatta sek\u00e4 aina v\u00e4lill\u00e4 kiusaavia lihasj\u00e4nnityksi\u00e4 sel\u00e4ss\u00e4 joita hieronta on vetreytt\u00e4nyt. Selk\u00e4 kuvattiin vuoden 2007 alussa ja kuvissa n\u00e4kyi mahdollista liev\u00e4\u00e4 muutoksen alkua, jonka ei pit\u00e4isi aiheuttaa oireilua. Selk\u00e4 kuvattiin my\u00f6hemmin uudelleen tilanteen seuraamiseksi, ja tuolloin todettiin selk\u00e4 normaaliksi. Samalla kuvattiin my\u00f6s olkap\u00e4\u00e4t ja nekin olivat t\u00e4ysin ok. Kilpirauhasarvoissa Rasmuksella on &#8221;ep\u00e4selvyytt\u00e4&#8221; jonka el\u00e4inl\u00e4\u00e4k\u00e4rin mukaan pit\u00e4isi olla kuitenkin ok, ns. normaali vaihtelun rajoissa. Olemme kuitenkin ottaneet muutaman uusintatestin seurataksemme, jos arvoissa tapahtuu muutoksia. T\u00e4h\u00e4n menness\u00e4 kaikista testeist\u00e4 on tullut sama tulos, liev\u00e4sti alentunut T4 arvo, muut arvot ok, ei vajaatoimintaa eik\u00e4 tarvetta l\u00e4\u00e4kitykselle.<\/p>\n<p>Kotona Rasmus on l\u00e4hes huomaamaton, se nukkuu jos mit\u00e4\u00e4n ei tapahdu ja yleens\u00e4 vaikka tapahtuisikin. Tosin pihaa ja l\u00e4hialueella kulkijoita pit\u00e4\u00e4 vartioida, ja aina joskus v\u00e4h\u00e4n k\u00e4ske\u00e4 kauemmaksikin. Vartiointia ollaan pyritty hillitsem\u00e4\u00e4n kielt\u00e4m\u00e4ll\u00e4 ylim\u00e4\u00e4r\u00e4inen haukkuminen, mutta kotiaan Rasmus silti pit\u00e4\u00e4 omana alueenaan, jonne ei vierailla ole turhaan asiaa. Ulkoillessa Rasmusta voi pit\u00e4\u00e4 irti varsin huoletta, se harvemmin mets\u00e4ss\u00e4k\u00e4\u00e4n katoaa n\u00e4k\u00f6et\u00e4isyyden ulkopuolelle, ja palaa tarkistamaan minne j\u00e4imme jos hetkeksi n\u00e4k\u00f6yhteys katkeaisikin.<\/p>\n<p>Rasmus on minusta riitt\u00e4v\u00e4n sosiaalinen koira, ryhm\u00e4lenkkeilyt ovat varsinkin nuorempana onnistuneet hyvin vaikka joukossa olisi vieraita uroksiakin, ja matkustaa on voinut aina monenlaisessa seurassa. Toki j\u00e4rki pit\u00e4\u00e4 olla mukana, ettei urosten kanssa liian tiukkaan paikkaan jouduta vapaanakaan. Sosiaalisuudessa on selke\u00e4sti tapahtunut muutosta i\u00e4n kerttyess\u00e4, yleinen sietokyky ja leikkisyys on v\u00e4hentynyt. Nuorempana, muistaakseni noin kolme vuotiaaksi asti se oli sosiaalinen ja joko innostui leikkim\u00e4\u00e4n tai oli v\u00e4linpit\u00e4m\u00e4t\u00f6n. Vanhemmiten muutosta on tapahtunut uroksiin suhtautumiseen, eik\u00e4 se en\u00e4\u00e4 voi olla muiden urosten kanssa olla vapaana, mutta narttujen kanssa se on edelleen seurallinen. Joskus tosin liian innokkaat nuoremmat koirat saavat huomautuksen, jos intoutuvat p\u00e4\u00e4lle hyppim\u00e4\u00e4n.<\/p>\n<p>Toko ja agility sek\u00e4 harrastusmieless\u00e4 haku ja j\u00e4lki kuuluvat Rasmun aktiviteetteihin. Harrastuksissa Rasmu oppii nopeasti uudet asiat ja on helppo motivoida (makkaraa ja leikkimist\u00e4). Kisatessa j\u00e4nnitt\u00e4minen on tuonut ongelmia sen verran, ett\u00e4 voi sanoa sen olevan v\u00e4h\u00e4n liiankin herkk\u00e4 huomaamaan ohjaajan fiilikset. Toko-kisat olivat sen aikaa tauolla, ett\u00e4 Rasmu oppi yhdist\u00e4m\u00e4\u00e4n kisafiiliksen &#8221;\u00e4lykivaan&#8221; agilityyn ja unohti j\u00e4nnitt\u00e4misen. Tokossa avoimen luokan j\u00e4lkeen kisatessa oli jo havaittavissa selke\u00e4\u00e4 kisatottumista, jompikumpi lakkasi j\u00e4nnitt\u00e4m\u00e4st\u00e4 koira tai ohjaaja. Toko j\u00e4i hiljalleen pois harrastuksista valioitumisen j\u00e4lkeen, ohjaajalla ei tuntunut riitt\u00e4v\u00e4n mielikuvitusta uusien asioiden opettamiseen eik\u00e4 motivaatiota vanhojen hiomiseen. Agility\u00e4 harrasteltiin pidemp\u00e4\u00e4n, mutta sekin j\u00e4i pikkuhiljaa pois i\u00e4n kanssa.<\/p>\n<p>Paukkuihin Rasmus reagoi, eli uusivuosi ja ukkonen sek\u00e4 laukaukset aiheuttavat hermostunutta t\u00e4rin\u00e4\u00e4 ja l\u00e4\u00e4h\u00e4tyst\u00e4. Mit\u00e4\u00e4n paniikkihysteriaa se ei ole ikin\u00e4 kehitt\u00e4nyt eik\u00e4 h\u00e4ipynyt minnek\u00e4\u00e4n pakomatkalle paukuista. Sit\u00e4 vaan hermostuttaa ja mielummin se asettuisi odottamaan niiden loppumista. Ensimm\u00e4isen\u00e4 kes\u00e4n\u00e4 meill\u00e4 Rasmus viel\u00e4 sieti laukaukset hyvin (v\u00e4lill\u00e4 kuunteli ihmetellen), mutta my\u00f6hemmin alkoi reagoida niin ett\u00e4 heitimme toiveet pk-kisaamisesta osastoon jos luoja suo. K\u00e4vimme kev\u00e4\u00e4ll\u00e4 2004 kokeilemassa BH-koetta, jossa k\u00e4vi selv\u00e4sti ilmi ettei pk-kokeiden tottelevaisuusosuus laukausten kanssa tule toimimaan ainakaan ilman totuttamista. Luonnetestiss\u00e4 Rasmus arvioitiin laukausvarmaksi, v\u00e4h\u00e4n meille itsellemme yll\u00e4tykseksi. Tosin tiesimme sen reagoinnin olevan tasoa &#8221;j\u00e4\u00e4np\u00e4s t\u00e4h\u00e4n katselemaan, jospa se \u00e4\u00e4ni ei en\u00e4\u00e4 kuuluisi ja t\u00e4rr\u00e4\u00e4n hieman&#8221; eli luonnetestin laukausten odottelu paikallaan ei tuottanut sille ongelmia, mutta videolta katsottunakaan se ei itseasiassa tuntunut tuon tyyppist\u00e4 laukausta juuri pelk\u00e4\u00e4v\u00e4n. Mutta toki painetta oli tietysti siin\u00e4 vaiheessa jo sen verran ettei pari t\u00e4rin\u00e4\u00e4 olisi en\u00e4\u00e4n miss\u00e4\u00e4n n\u00e4kynytk\u00e4\u00e4n.<\/p>\n<p>Rasmun kanssa on matkailtu enimm\u00e4kseen Suomessa ja se kulkee mielell\u00e4\u00e4n niin junassa, linja-autossa kuin omassa autossammekin. Tosin juna-asemista se ei pid\u00e4, kaikua ja kuulutuksia sek\u00e4 kauheasti kiireisi\u00e4 ihmisi\u00e4 hermostuttaa (kukapa siit\u00e4 pit\u00e4isi). Se itse asiassa rynt\u00e4\u00e4 junaan, jossa sitten jo h\u00e4nt\u00e4kin heiluu. Muualla se kulkee rauhallisesti ja v\u00e4linpit\u00e4m\u00e4tt\u00f6m\u00e4sti ruuhkissa ja ahtaissakin paikoissa, hisseiss\u00e4 ja erilaisilla alustoilla.<\/p>\n<p>Omia ihmisi\u00e4\u00e4n ja vanhoja tuttuja Rasmus rakastaa suurella syd\u00e4mmell\u00e4, mutta uusille ihmisille on kovin niukasti en\u00e4\u00e4 tilaa, joten Rasmus k\u00e4ytt\u00e4\u00e4 tiukkaa seulaa yst\u00e4viens\u00e4 valinnassa. Vieraisiin ihmisiin Rasmuksen suhtautuminen on kaksijakoista, ulkona ja vieraissa paikoissa useimmiten v\u00e4linpit\u00e4m\u00e4t\u00f6n tai innostunut. Aktiivisesti kontaktia ottavat ihmiset voivat olla ep\u00e4ilytt\u00e4vi\u00e4, niit\u00e4 Rasmus saattaa alkaa haukkumaan, mutta jos se itse saa ottaa ensimm\u00e4isen askeleen, ei sama ihminen v\u00e4ltt\u00e4m\u00e4tt\u00e4 olekaan yht\u00e4\u00e4n ep\u00e4ilytt\u00e4v\u00e4. Kotona ja muutenkin sis\u00e4tiloissa se on usein pid\u00e4ttyv\u00e4isempi tai ep\u00e4luuloinen. Kotona v\u00e4h\u00e4n vieraasta riippuen ensin haukutaan enemm\u00e4n tai v\u00e4hemm\u00e4n, ja sis\u00e4lle asettuneita vieraita Rasmus vartioi lattialla makoillen yleens\u00e4 puruluuta sy\u00f6den tai muuten tarkkaillen. Sis\u00e4tilojen vartiointi on jo v\u00e4h\u00e4n turhankin tiukkaa v\u00e4lill\u00e4, joten nyky\u00e4\u00e4n Rasmus saa tervehti\u00e4 vieraita useimmiten portin takaa. Tervehtiess\u00e4 niin tuttuja kuin tuntemattomiakin, nen\u00e4ll\u00e4 t\u00f6kkiminen kuuluu asiaan (yleens\u00e4 haarov\u00e4liin..) Kivat tutut saavatkin sitten Isot pusut ja osaavat jotkut varoa jo Rasmu-loikkiakin tavatessa.<\/p>\n<p>Rasmus muuttui huhtikuun lopussa yhten\u00e4 perjantai-iltana tosi v\u00e4syneeksi, ei halunnut sy\u00f6d\u00e4 eik\u00e4 k\u00e4yd\u00e4 ulkona, joten se vietiin p\u00e4ivystykseen, jos sill\u00e4 on jokin selke\u00e4 vaiva jolle voisi jotain tehd\u00e4. Siell\u00e4 ell ei voinut kuvata sit\u00e4, eik\u00e4 l\u00f6yt\u00e4ny mit\u00e4\u00e4n selityst\u00e4 v\u00e4symykseen, mutta nesteytti sen ja k\u00e4ski l\u00e4\u00e4k\u00e4riin jos tila pahenee. Verikokeissa n\u00e4kyi liev\u00e4\u00e4 anemiaa, jota viikkoa aiemmin muusta syyst\u00e4 otetuissa verikokeissa ei n\u00e4kynyt. Nesteytys auttoi kuitenkin tosi hyvin ja seuraavana p\u00e4iv\u00e4n\u00e4 Rasmus oli ihan normaali ja rellesti pitkin metsi\u00e4. Jotenkin kuitenkin j\u00e4i mieleen kytem\u00e4\u00e4n, ett\u00e4 noinkohan tuo on jotain lopun alkua.<\/p>\n<p>Viikkoa my\u00f6hemmin, sunnuntaina Rasmus alkoi taas v\u00e4sym\u00e4\u00e4n ja j\u00e4tti sy\u00f6m\u00e4tt\u00e4, joka on sille iso oire jostain, joten heti maanantaina varasin ensimm\u00e4isen vapaan ajan sille tutkimuksiin. Verikokeissa n\u00e4kyi voimakas anemia, jonka syyt\u00e4 alettiin selvitt\u00e4\u00e4. R\u00f6ntgenkuvissa ja ultrassa n\u00e4kyi ep\u00e4tasaisuutta maksassa sek\u00e4 runsaasti nestett\u00e4 vatsaontelossa. Nesteest\u00e4 otettiin n\u00e4yte, joka osoittautui olevan silkkaa verta, joten sis\u00e4inen verenvuoto oli varsin runsasta. Verenvuoto my\u00f6s selitti kolmessa viikossa romahtaneen punasolum\u00e4\u00e4r\u00e4n verikokeissa.<\/p>\n<p>El\u00e4inl\u00e4\u00e4k\u00e4rit ep\u00e4iliv\u00e4t verenvuodon syyksi kasvainmuutoksen maksassa, joka olisi jotenkin revennyt. Tilanteessa el\u00e4inl\u00e4\u00e4k\u00e4ri suositti eutanasiaa, koska sis\u00e4iselle verenvuodolle ei oikein voinut tehd\u00e4 mit\u00e4\u00e4n, jos syyn\u00e4 oli maksakasvain.<\/p>\n<p>Rasmuksen poismeno oli melkoinen yll\u00e4tys niin meille kuin sen tunteneille ihmisille, sill\u00e4 vain paria viikkoa aikaisemmin se oli juossut innoissaan harjoituksissa ja kulkenut reippaasti lenkeill\u00e4. Se sai l\u00e4hte\u00e4 ns. saappaat jalassa, vain hetken sairastamisen j\u00e4lkeen.<\/p>\n<p>Rasmus on koira jota ei voi unohtaa ja joka j\u00e4tti monelle muistoja, eik\u00e4 v\u00e4hiten meille, jotka saivat sen kanssa el\u00e4\u00e4 liki sen koko el\u00e4m\u00e4n ajan. Rasmus opetti meille kuinka koira omistautuu laumalleen ja miten \u00e4lyk\u00e4s voi collie olla. Rasmusta j\u00e4\u00e4 ik\u00e4v\u00e4, ja se tulee aina olemaan se Ensimm\u00e4inen Koira.<\/p>\n<p><a href=\"\/wp-content\/uploads\/2013\/09\/IMG_7779.jpg\"><img loading=\"lazy\" decoding=\"async\" class=\"alignnone wp-image-26\" src=\"\/wp-content\/uploads\/2013\/09\/IMG_7779-300x225.jpg\" alt=\"Rasmus temppuilee\" width=\"300\" height=\"225\" srcset=\"https:\/\/kennelkeyword.net\/wp-content\/uploads\/2013\/09\/IMG_7779-300x225.jpg 300w, https:\/\/kennelkeyword.net\/wp-content\/uploads\/2013\/09\/IMG_7779.jpg 600w\" sizes=\"auto, (max-width: 300px) 100vw, 300px\" \/><\/a><\/p>\n","protected":false},"excerpt":{"rendered":"<p>INT FIN SE EST MVA FIN TVA PiirM-05 BH Sandcastle&#8217;s The Rasmus &#8221;Rasmus&#8221; 02.01.2002 &#8211; 9.5.2011 Rasmus harrasti meid\u00e4n kanssamme v\u00e4h\u00e4n kaikenlaista. Se oli Suomen tottelevaisuusvalio sek\u00e4 kilpaili agilityss\u00e4 melkein koko uransa kakkosluokassa. Se nousi[&#8230;]<\/p>\n","protected":false},"author":1,"featured_media":26,"parent":15,"menu_order":11,"comment_status":"closed","ping_status":"closed","template":"template-parts\/full-width.php","meta":{"ngg_post_thumbnail":0,"footnotes":""},"class_list":["post-17","page","type-page","status-publish","has-post-thumbnail","hentry"],"_links":{"self":[{"href":"https:\/\/kennelkeyword.net\/index.php?rest_route=\/wp\/v2\/pages\/17","targetHints":{"allow":["GET"]}}],"collection":[{"href":"https:\/\/kennelkeyword.net\/index.php?rest_route=\/wp\/v2\/pages"}],"about":[{"href":"https:\/\/kennelkeyword.net\/index.php?rest_route=\/wp\/v2\/types\/page"}],"author":[{"embeddable":true,"href":"https:\/\/kennelkeyword.net\/index.php?rest_route=\/wp\/v2\/users\/1"}],"replies":[{"embeddable":true,"href":"https:\/\/kennelkeyword.net\/index.php?rest_route=%2Fwp%2Fv2%2Fcomments&post=17"}],"version-history":[{"count":21,"href":"https:\/\/kennelkeyword.net\/index.php?rest_route=\/wp\/v2\/pages\/17\/revisions"}],"predecessor-version":[{"id":2652,"href":"https:\/\/kennelkeyword.net\/index.php?rest_route=\/wp\/v2\/pages\/17\/revisions\/2652"}],"up":[{"embeddable":true,"href":"https:\/\/kennelkeyword.net\/index.php?rest_route=\/wp\/v2\/pages\/15"}],"wp:featuredmedia":[{"embeddable":true,"href":"https:\/\/kennelkeyword.net\/index.php?rest_route=\/wp\/v2\/media\/26"}],"wp:attachment":[{"href":"https:\/\/kennelkeyword.net\/index.php?rest_route=%2Fwp%2Fv2%2Fmedia&parent=17"}],"curies":[{"name":"wp","href":"https:\/\/api.w.org\/{rel}","templated":true}]}}